ens digit of 78470118?
1
What is the thousands digit of 4401336101?
6
What is the ten millions digit of 857946090?
5
What is the units digit of 3532072283?
3
What is the ten millions digit of 414961239?
1
What is the thousands digit of 1682017438?
7
What is the millions digit of 6411301038?
1
What is the billions digit of 7726938927?
7
What is the hundred millions digit of 318426767?
3
What is the thousands digit of 993187185?
7
What is the tens digit of 129953755?
5
What is the units digit of 99022683?
3
What is the ten millions digit of 32947620?
3
What is the millions digit of 3744115855?
4
What is the millions digit of 55773078?
5
What is the hundred thousands digit of 142986358?
9
What is the ten thousands digit of 2339679765?
7
What is the ten thousands digit of 6028846277?
4
What is the ten thousands digit of 52767993?
6
What is the hundred millions digit of 269462894?
2
What is the ten millions digit of 42411714?
4
What is the ten millions digit of 28224173?
2
What is the millions digit of 41756976?
1
What is the units digit of 78759548?
8
What is the hundred thousands digit of 45460203?
4
What is the ten thousands digit of 13654699?
5
What is the millions digit of 103906115?
3
What is the hundred thousands digit of 843858570?
8
What is the thousands digit of 2795477703?
7
What is the units digit of 658386993?
3
What is the hundred thousands digit of 12410904?
4
What is the thousands digit of 9435697?
5
What is the tens digit of 301721007?
0
What is the hundred thousands digit of 393142211?
1
What is the thousands digit of 860204560?
4
What is the thousands digit of 209127237?
7
What is the tens digit of 18570333?
3
What is the hundred millions digit of 203926795?
2
What is the hundred thousands digit of 1229706403?
7
What is the thousands digit of 106140664?
0
What is the hundred thousands digit of 2266528554?
5
What is the hundreds digit of 297832065?
0
What is the ten millions digit of 7774358245?
7
What is the hundreds digit of 3444061825?
8
What is the units digit of 838461120?
0
What is the ten thousands digit of 1597084625?
8
What is the billions digit of 1155946452?
1
What is the thousands digit of 197776070?
6
What is the hundred millions digit of 149040736?
1
What is the millions digit of 894869076?
4
What is the millions digit of 4549389314?
9
What is the hundred millions digit of 312447101?
3
What is the tens digit of 3991150235?
3
What is the ten thousands digit of 1537917948?
1
What is the units digit of 187667427?
7
What is the hundred thousands digit of 112119507?
1
What is the units digit of 80604111?
1
What is the units digit of 62989045?
5
What is the units digit of 17428214?
4
What is the ten thousands digit of 70378073?
7
What is the hundred millions digit of 862245504?
8
What is the ten millions digit of 73193094?
7
What is the ten thousands digit of 42849079?
4
What is the units digit of 571154167?
7
What is the ten millions digit of 111183542?
1
What is the ten thousands digit of 1987520342?
2
What is the hundreds digit of 113311548?
5
What is the units digit of 248701138?
8
What is the hundred thousands digit of 652225443?
2
What is the hundred thousands digit of 316838026?
8
What is the ten millions digit of 32162883?
3
What is the hundreds digit of 14062352?
3
What is the thousands digit of 76531353?
1
What is the units digit of 578042285?
5
What is the ten millions digit of 15849862?
1
What is the hundred millions digit of 176698716?
1
What is the ten thousands digit of 667367031?
6
What is the ten millions digit of 364520213?
6
What is the ten thousands digit of 78595927?
9
What is the millions digit of 14199679?
4
What is the units digit of 994529279?
9
What is the millions digit of 167761008?
7
What is the thousands digit of 7855393?
5
What is the millions digit of 1693702260?
3
What is the hundred thousands digit of 1284558215?
5
What is the millions digit of 861759335?
1
What is the hundred millions digit of 2607689180?
6
What is the hundred thousands digit of 88019466?
0
What is the ten millions digit of 599930307?
9
What is the tens digit of 4189919447?
4
What is the units digit of 53590826?
6
What is the billions digit of 5627580268?
5
What is the tens digit of 7139412?
1
What is the hundred thousands digit of 4829530208?
5
What is the thousands digit of 55177170?
7
What is the hundreds digit of 33862652?
6
What is the ten millions digit of 177018892?
7
What is the hundred millions digit of 259197419?
2
What is the millions digit of 3953956925?
3
What is the units digit of 52482363?
3
What is the hundreds digit of 1136870835?
8
What is the hundred thousands digit of 2681578824?
5
What is the thousands digit of 394502509?
2
What is the tens digit of 2064082?
8
What is the hundreds digit of 97660808?
8
What is the thousands digit of 18252825?
2
What is the hundred thousands digit of 149394388?
3
What is the ten millions digit of 517594560?
1
What is the hundred millions digit of 112394841?
1
What is the tens digit of 892630088?
8
What is the billions digit of 1621812568?
1
What is the tens digit of 304123031?
3
What is the hundred thousands digit of 57528347?
5
What is the hundreds digit of 71625774?
7
What is the thousands digit of 475444594?
4
What is the hundred thousands digit of 2112206962?
2
What is the millions digit of 5745143?
5
What is the thousands digit of 1370647203?
7
What is the millions digit of 47675279?
7
What is the hundreds digit of 3303782095?
0
What is the ten thousands digit of 39819392?
1
What is the tens digit of 3542614620?
2
What is the ten millions digit of 911460492?
1
What is the thousands digit of 764738048?
8
What is the ten thousands digit of 130155597?
5
What is the ten thousands digit of 4853308173?
0
What is the ten millions digit of 6200901781?
0
What is the hundreds digit of 49257530?
5
What is the ten millions digit of 762704488?
6
What is the tens digit of 2059014474?
7
What is the tens digit of 5318934323?
2
What is the hundred millions digit of 204739339?
2
What is the thousands digit of 138355756?
5
What is the hundred millions digit of 121174628?
1
What is the billions digit of 1305173609?
1
What is the hundred millions digit of 202016967?
2
What is the tens digit of 1245175893?
9
What is the hundreds digit of 3995521980?
9
What is the hundred thousands digit of 8978855?
9
What is the hundred thousands digit of 2885119353?
1
What is the ten millions digit of 52724249?
5
What is the units digit of 44356030?
0
What is the thousands digit of 848119036?
9
What is the hundred thousands digit of 2553486043?
4
What is the ten thousands digit of 168263964?
6
What is the millions digit of 30275446?
0
What is the ten millions digit of 71389523?
7
What is the ten millions digit of 140948954?
4
What is the ten thousands digit of 23594574?
9
What is the hundred thousands digit of 143584242?
5
What is the hundred millions digit of 338068611?
3
What is the hundreds digit of 42943077?
0
What is the hundred millions digit of 724128137?
7
What is the hundred thousands digit of 165550084?
5
What is the billions digit of 1869050305?
1
What is the tens digit of 27879764?
6
What is the hundreds digit of 52914529?
5
What is the ten thousands digit of 314984288?
8
What is the millions digit of 53349383?
3
What is the hundred millions digit of 541011254?
5
What is the units digit of 157380042?
2
What is the tens digit of 178590595?
9
What is the millions digit of 282269818?
2
What is the ten millions digit of 1518704528?
1
What is the tens digit of 425444157?
5
What is the hundred millions digit of 4706996360?
7
What is the hundreds digit of 30217270?
2
What is the ten thousands digit of 320490458?
9
What is the units digit of 105244674?
4
What is the ten millions digit of 89403102?
8
What is the tens digit of 3906339780?
8
What is the thousands digit of 2175412568?
2
What is the units digit of 273936099?
9
What is the thousands digit of 6565278787?
8
What is the thousands digit of 1269157673?
7
What is the hundreds digit of 17463782?
7
What is the tens digit of 113303646?
4
What is the hundred thousands digit of 18819821?
8
What is the hundred millions digit of 597962651?
5
What is the hundred thousands digit of 3183369169?
3
What is the tens digit of 356789992?
9
What is the t